-1a
What is 20 (base 3) in base 10?
6
Convert -13 (base 9) to base 13.
-c
-11 (base 4) to base 12
-5
What is 2 (base 5) in base 3?
2
Convert 7 (base 12) to base 14.
7
What is -1 (base 16) in base 6?
-1
-7 (base 8) to base 7
-10
Convert 0 (base 8) to base 12.
0
10022 (base 4) to base 13
176
-30 (base 10) to base 3
-1010
Convert -2 (base 14) to base 9.
-2
What is -32 (base 7) in base 16?
-17
Convert 0 (base 6) to base 7.
0
Convert -3 (base 5) to base 6.
-3
Convert 11 (base 8) to base 11.
9
121 (base 8) to base 7
144
10010 (base 3) to base 12
70
What is -111 (base 2) in base 3?
-21
1 (base 9) to base 11
1
What is 10 (base 11) in base 7?
14
Convert -11 (base 5) to base 8.
-6
Convert -6 (base 7) to base 12.
-6
-13 (base 11) to base 15
-e
0 (base 12) to base 4
0
Convert 13 (base 6) to base 8.
11
Convert 23 (base 6) to base 11.
14
What is -1 (base 11) in base 9?
-1
What is -48 (base 10) in base 3?
-1210
-3 (base 11) to base 12
-3
Convert -5 (base 9) to base 15.
-5
400 (base 6) to base 11
121
What is -110 (base 2) in base 15?
-6
Convert 22 (base 6) to base 10.
14
2001 (base 3) to base 11
50
Convert 4 (base 11) to base 16.
4
-1 (base 2) to base 7
-1
Convert 0 (base 6) to base 2.
0
Convert -11010 (base 2) to base 6.
-42
What is -1102 (base 3) in base 12?
-32
321 (base 5) to base 4
1112
What is 23 (base 5) in base 10?
13
-1110 (base 2) to base 9
-15
-9 (base 11) to base 10
-9
3 (base 12) to base 11
3
4 (base 12) to base 7
4
23 (base 7) to base 10
17
What is 1 (base 5) in base 11?
1
What is 345 (base 8) in base 5?
1404
9f (base 16) to base 13
c3
Convert 49 (base 16) to base 9.
81
What is -2 (base 6) in base 8?
-2
Convert 4 (base 16) to base 8.
4
Convert -1111111 (base 2) to base 12.
-a7
What is -80 (base 10) in base 15?
-55
Convert c (base 13) to base 10.
12
What is 10 (base 15) in base 16?
f
What is -73 (base 9) in base 5?
-231
Convert -5 (base 10) to base 9.
-5
10 (base 2) to base 9
2
What is 8 (base 16) in base 4?
20
-62 (base 11) to base 9
-75
Convert 189 (base 13) to base 5.
2112
Convert 1001 (base 5) to base 2.
1111110
Convert 8 (base 15) to base 14.
8
What is -10001100 (base 2) in base 11?
-118
1a (base 14) to base 9
26
Convert 20 (base 6) to base 5.
22
What is 0 (base 10) in base 7?
0
2c (base 14) to base 16
28
What is -2 (base 9) in base 3?
-2
What is -1 (base 14) in base 15?
-1
What is -553 (base 8) in base 2?
-101101011
Convert -1 (base 4) to base 8.
-1
1 (base 16) to base 8
1
What is -7 (base 16) in base 12?
-7
-4a (base 11) to base 13
-42
What is 14 (base 13) in base 12?
15
Convert -23 (base 8) to base 3.
-201
4 (base 12) to base 16
4
What is 40 (base 16) in base 9?
71
90 (base 13) to base 12
99
What is 2 (base 13) in base 8?
2
-4 (base 10) to base 2
-100
-211 (base 3) to base 2
-10110
Convert 125 (base 7) to base 3.
2112
14 (base 7) to base 11
10
2a (base 12) to base 15
24
Convert -a (base 14) to base 3.
-101
-21 (base 14) to base 13
-23
What is 6 (base 15) in base 2?
110
What is -16 (base 12) in base 15?
-13
What is 0 (base 14) in base 16?
0
Convert 11 (base 4) to base 14.
5
What is 2201 (base 3) in base 11?
67
Convert -1033 (base 5) to base 3.
-12022
What is -6 (base 12) in base 7?
-6
-2 (base 15) to base 11
-2
Convert -15 (base 6) to base 11.
-10
1100111 (base 2) to base 8
147
What is 3310 (base 4) in base 3?
100001
0 (base 16) to base 14
0
Convert 1 (base 11) to base 8.
1
-24 (base 10) to base 4
-120
What is -4 (base 10) in base 6?
-4
What is -5 (base 9) in base 5?
-10
211 (base 4) to base 5
122
-1a (base 11) to base 3
-210
179 (base 10) to base 11
153
-3223 (base 4) to base 15
-10a
What is 20 (base 8) in base 7?
22
-3 (base 7) to base 6
-3
What is 4 (base 12) in base 6?
4
-20 (base 7) to base 8
-16
Convert 17 (base 10) to base 13.
14
-10101 (base 3) to base 16
-5b
15 (base 16) to base 14
17
What is 9c (base 13) in base 3?
11210
-1a (base 11) to base 13
-18
Convert -10100100 (base 2) to base 13.
-c8
What is 9 (base 13) in base 3?
100
What is 4 (base 6) in base 13?
4
What is -6 (base 13) in base 9?
-6
What is -41 (base 10) in base 15?
-2b
What is 0 (base 9) in base 4?
0
Convert -5 (base 15) to base 10.
-5
-12 (base 11) to base 14
-d
-c (base 16) to base 14
-c
What is -177 (base 8) in base 2?
-1111111
Convert 0 (base 11) to base 13.
0
31 (base 11) to base 4
202
Convert -26 (base 8) to base 9.
-24
Convert -1 (base 16) to base 10.
-1
Convert 56 (base 13) to base 5.
241
What is -3 (base 15) in base 8?
-3
178 (base 11) to base 4
3032
What is -4 (base 15) in base 5?
-4
What is 3 (base 13) in base 16?
3
Convert 28 (base 9) to base 6.
42
Convert 9 (base 16) to base 4.
21
What is 20 (base 9) in base 11?
17
Convert -b6 (base 12) to base 2.
-10001010
37 (base 10) to base 14
29
-21 (base 6) to base 9
-14
111 (base 2) to base 11
7
Convert 8 (base 11) to base 15.
8
101000 (base 2) to base 6
104
1 (base 7) to base 4
1
1 (base 9) to base 12
1
Convert d (base 15) to base 2.
1101
1002 (base 4) to base 11
60
Convert 220 (base 4) to base 5.
130
What is 0 (base 14) in base 6?
0
14 (base 16) to base 2
10100
What is 1 (base 11) in base 5?
1
24 (base 15) to base 11
31
61 (base 13) to base 14
59
Convert 1 (base 10) to base 3.
1
Convert 21 (base 12) to base 10.
25
Convert -8 (base 14) to base 4.
-20
-2 (base 11) to base 8
-2
What is 36 (base 16) in base 9?
60
-2 (base 6) to base 5
-2
Convert 33 (base 10) to base 11.
30
-1111001 (base 2) to base 4
-1321
4 (base 11) to base 2
100
What is 1 (base 14) in base 11?
1
What is 1b3 (base 12) in base 2?
100010111
What is 2c (base 15) in base 13?
33
What is -12 (base 12) in base 6?
-22
Convert 0 (base 7) to base 8.
0
Convert 4 (base 15) to base 5.
4
What is 420 (base 6) in base 16?
9c
Convert -5 (base 10) to base 4.
-11
Convert 6 (base 14) to base 3.
20
Convert -2 (base 9) to base 12.
-2
222 (base 4) to base 14
30
44 (base 15) to base 8
100
-7 (base 11) to base 9
-7
Convert 103 (base 9) to base 2.
1010100
-16 (base 13) to base 12
-17
11 (base 2) to base 8
3
What is 1110110 (base 2) in base 5?
433
What is -3 (base 14) in base 15?
-3
35 (base 8) to base 13
23
What is 8 (base 15) in base 13?
8
What is -13 (base 6) in base 12?
-9
Convert -2 (base 13) to base 6.
-2
Convert 2a (base 14) to base 12.
32
110101 (base 2) to base 12
45
What is 2 (base 10) in base 5?
2
-4 (base 5) to base 13
-4
Convert 5b (base 16) to base 5.
331
What is -b (base 12) in base 5?
-21
What is -207 (base 11) in base 7?
-504
-4 (base 9) to base 4
-10
Convert -4 (base 10) to base 4.
-10
What is -17 (base 8) in base 16?
-f
1 (base 14) to base 4
1
70 (base 14) to base 12
82
-24 (base 7) to base 3
-200
-9 (base 16) to base 5
-14
What is -30 (base 10) in base 7?
-42
-3a (base 13) to base 14
-37
What is 3a (base 14) in base 16?
34
What is -10 (base 4) in base 6?
-4
-102 (base 5) to base 12
-23
Convert 36 (base 8) to base 10.
30
Convert 4 (base 13) to base 12.
4
-7 (base 11) to base 15
-7
-3 (base 6) to base 13
-3
Convert -33 (base 16) to base 12.
-43
Convert -46 (base 12) to base 2.
-110110
8 (base 9) to base 4
20
139 (base 13) to base 2
11011001
-1 (base 12) to base 10
-1
What is -5 (base 16) in base 6?
-5
What is -2c (base 13) in base 16?
-26
What is 31 (base 4) in base 2?
1101
Convert -3 (base 13) to base 4.
-3
Convert -16 (base 16) to base 9.
-24
What is 23 (base 4) in base 10?
11
Convert -2 (base 7) to base 11.
-2
What is 4 (base 11) in base 8?
4
6 (base 16) to base 9
6
Convert -19 (base 14) to base 15.
-18
What is 101 (base 4) in base 7?
23
What is 1011110 (base 2) in base 16?
5e
-54 (base 9) to base 10
-49
Convert 48 (base 15) to base 11.
62
Convert 1000 (base 2) to base 12.
8
0 (base 12) to base 10
0
What is -123 (base 5) in base 4?
-212
What is -117 (base 9) in base 4?
-1201
11 (base 5) to base 4
12
Convert 10101 (base 2) to base 6.
33
Convert 3 (base 7) to base 6.
3
Convert -111 (base 6) to base 10.
-43
What is -6 (base 9) in base 10?
-6
What is -2021 (base 3) in base 4?
-331
34 (base 11) to base 9
41
-1 (base 10) to base 5
-1
Convert 11 (base 4) to base 16.
5
What is 84 (base 13) in base 6?
300
What is -2 (base 16) in base 9?
-2
Convert 7 (base 13) to base 7.
10
Convert -4 (base 13) to base 7.
-4
Convert -5 (base 14) to base 16.
-5
Convert 252 (base 6) to base 15.
6e
What is -11 (base 3) in base 2?
-100
What is -10 (base 15) in base 6?
-23
Convert 